{"id":85,"date":"2011-10-02T20:02:31","date_gmt":"2011-10-02T20:02:31","guid":{"rendered":"http:\/\/gillgren.se\/?page_id=85"},"modified":"2012-04-19T19:50:58","modified_gmt":"2012-04-19T19:50:58","slug":"2011-lilla-nassa","status":"publish","type":"page","link":"http:\/\/gillgren.se\/?page_id=85","title":{"rendered":"2011 Lilla Nassa"},"content":{"rendered":"<h2>Sk\u00e4rg\u00e5rdstur till Lilla Nassa<\/h2>\n<p>I \u00e5r gick sk\u00e4rg\u00e5rdsstiftelsen v\u00e4nresa i augusti till Lilla Nassa.<br \/>\nDet var lite mulet under f\u00f6rmiddagen men vid lunch sprack det upp och blev soligt.<\/p>\n<p><a href=\"http:\/\/media.gillgren.se\/2011\/10\/20110823__9534.jpg\"><img decoding=\"async\" loading=\"lazy\" class=\"alignnone size-full wp-image-86\" title=\"20110823__9534\" src=\"http:\/\/media.gillgren.se\/2011\/10\/20110823__9534.jpg\" alt=\"\" width=\"600\" height=\"400\" srcset=\"http:\/\/media.gillgren.se\/2011\/10\/20110823__9534.jpg 600w, http:\/\/media.gillgren.se\/2011\/10\/20110823__9534-300x200.jpg 300w\" sizes=\"(max-width: 600px) 100vw, 600px\" \/><\/a><\/p>\n<p><a href=\"http:\/\/media.gillgren.se\/2011\/10\/20110823__9549.jpg\"><img decoding=\"async\" loading=\"lazy\" class=\"alignnone size-full wp-image-87\" title=\"20110823__9549\" src=\"http:\/\/media.gillgren.se\/2011\/10\/20110823__9549.jpg\" alt=\"\" width=\"600\" height=\"400\" srcset=\"http:\/\/media.gillgren.se\/2011\/10\/20110823__9549.jpg 600w, http:\/\/media.gillgren.se\/2011\/10\/20110823__9549-300x200.jpg 300w\" sizes=\"(max-width: 600px) 100vw, 600px\" \/><\/a><\/p>\n<p><a href=\"http:\/\/media.gillgren.se\/2011\/10\/20110823__9552.jpg\"><img decoding=\"async\" loading=\"lazy\" class=\"alignnone size-full wp-image-88\" title=\"20110823__9552\" src=\"http:\/\/media.gillgren.se\/2011\/10\/20110823__9552.jpg\" alt=\"\" width=\"600\" height=\"400\" srcset=\"http:\/\/media.gillgren.se\/2011\/10\/20110823__9552.jpg 600w, http:\/\/media.gillgren.se\/2011\/10\/20110823__9552-300x200.jpg 300w\" sizes=\"(max-width: 600px) 100vw, 600px\" \/><\/a><\/p>\n<p><a href=\"http:\/\/media.gillgren.se\/2011\/10\/20110823__9573.jpg\"><img decoding=\"async\" loading=\"lazy\" class=\"alignnone size-full wp-image-89\" title=\"20110823__9573\" src=\"http:\/\/media.gillgren.se\/2011\/10\/20110823__9573.jpg\" alt=\"h\u00f6stljung\" width=\"600\" height=\"400\" srcset=\"http:\/\/media.gillgren.se\/2011\/10\/20110823__9573.jpg 600w, http:\/\/media.gillgren.se\/2011\/10\/20110823__9573-300x200.jpg 300w\" sizes=\"(max-width: 600px) 100vw, 600px\" \/><\/a><\/p>\n<p><a href=\"http:\/\/media.gillgren.se\/2011\/10\/20110823__9586.jpg\"><img decoding=\"async\" loading=\"lazy\" class=\"alignnone size-full wp-image-90\" title=\"20110823__9586\" src=\"http:\/\/media.gillgren.se\/2011\/10\/20110823__9586.jpg\" alt=\"\" width=\"600\" height=\"400\" srcset=\"http:\/\/media.gillgren.se\/2011\/10\/20110823__9586.jpg 600w, http:\/\/media.gillgren.se\/2011\/10\/20110823__9586-300x200.jpg 300w\" sizes=\"(max-width: 600px) 100vw, 600px\" \/><\/a><\/p>\n<p><a href=\"http:\/\/media.gillgren.se\/2011\/10\/20110823__9655.jpg\"><img decoding=\"async\" loading=\"lazy\" class=\"alignnone size-full wp-image-91\" title=\"20110823__9655\" src=\"http:\/\/media.gillgren.se\/2011\/10\/20110823__9655.jpg\" alt=\"sista semesterseglarna?\" width=\"600\" height=\"400\" srcset=\"http:\/\/media.gillgren.se\/2011\/10\/20110823__9655.jpg 600w, http:\/\/media.gillgren.se\/2011\/10\/20110823__9655-300x200.jpg 300w\" sizes=\"(max-width: 600px) 100vw, 600px\" \/><\/a><\/p>\n<p><a href=\"http:\/\/media.gillgren.se\/2011\/10\/20110823__9666.jpg\"><img decoding=\"async\" loading=\"lazy\" class=\"alignnone size-full wp-image-92\" title=\"20110823__9666\" src=\"http:\/\/media.gillgren.se\/2011\/10\/20110823__9666.jpg\" alt=\"\" width=\"600\" height=\"400\" srcset=\"http:\/\/media.gillgren.se\/2011\/10\/20110823__9666.jpg 600w, http:\/\/media.gillgren.se\/2011\/10\/20110823__9666-300x200.jpg 300w\" sizes=\"(max-width: 600px) 100vw, 600px\" \/><\/a><\/p>\n","protected":false},"excerpt":{"rendered":"<p>Sk\u00e4rg\u00e5rdstur till Lilla Nassa I \u00e5r gick sk\u00e4rg\u00e5rdsstiftelsen v\u00e4nresa i augusti till Lilla Nassa. Det var lite mulet under f\u00f6rmiddagen men vid lunch sprack det upp och blev soligt.<\/p>\n","protected":false},"author":1,"featured_media":0,"parent":160,"menu_order":4,"comment_status":"closed","ping_status":"closed","template":"","meta":[],"_links":{"self":[{"href":"http:\/\/gillgren.se\/index.php?rest_route=\/wp\/v2\/pages\/85"}],"collection":[{"href":"http:\/\/gillgren.se\/index.php?rest_route=\/wp\/v2\/pages"}],"about":[{"href":"http:\/\/gillgren.se\/index.php?rest_route=\/wp\/v2\/types\/page"}],"author":[{"embeddable":true,"href":"http:\/\/gillgren.se\/index.php?rest_route=\/wp\/v2\/users\/1"}],"replies":[{"embeddable":true,"href":"http:\/\/gillgren.se\/index.php?rest_route=%2Fwp%2Fv2%2Fcomments&post=85"}],"version-history":[{"count":3,"href":"http:\/\/gillgren.se\/index.php?rest_route=\/wp\/v2\/pages\/85\/revisions"}],"predecessor-version":[{"id":163,"href":"http:\/\/gillgren.se\/index.php?rest_route=\/wp\/v2\/pages\/85\/revisions\/163"}],"up":[{"embeddable":true,"href":"http:\/\/gillgren.se\/index.php?rest_route=\/wp\/v2\/pages\/160"}],"wp:attachment":[{"href":"http:\/\/gillgren.se\/index.php?rest_route=%2Fwp%2Fv2%2Fmedia&parent=85"}],"curies":[{"name":"wp","href":"https:\/\/api.w.org\/{rel}","templated":true}]}}

<h2>Skärgårdstur till Lilla Nassa</h2>
<p>I år gick skärgårdsstiftelsen vänresa i augusti till Lilla Nassa.<br />
Det var lite mulet under förmiddagen men vid lunch sprack det upp och blev soligt.</p>
<p><a href="http://media.gillgren.se/2011/10/20110823__9534.jpg"><img decoding="async" loading="lazy" class="alignnone size-full wp-image-86" title="20110823__9534" src="http://media.gillgren.se/2011/10/20110823__9534.jpg" alt="" width="600" height="400" srcset="http://media.gillgren.se/2011/10/20110823__9534.jpg 600w, http://media.gillgren.se/2011/10/20110823__9534-300x200.jpg 300w" sizes="(max-width: 600px) 100vw, 600px" /></a></p>
<p><a href="http://media.gillgren.se/2011/10/20110823__9549.jpg"><img decoding="async" loading="lazy" class="alignnone size-full wp-image-87" title="20110823__9549" src="http://media.gillgren.se/2011/10/20110823__9549.jpg" alt="" width="600" height="400" srcset="http://media.gillgren.se/2011/10/20110823__9549.jpg 600w, http://media.gillgren.se/2011/10/20110823__9549-300x200.jpg 300w" sizes="(max-width: 600px) 100vw, 600px" /></a></p>
<p><a href="http://media.gillgren.se/2011/10/20110823__9552.jpg"><img decoding="async" loading="lazy" class="alignnone size-full wp-image-88" title="20110823__9552" src="http://media.gillgren.se/2011/10/20110823__9552.jpg" alt="" width="600" height="400" srcset="http://media.gillgren.se/2011/10/20110823__9552.jpg 600w, http://media.gillgren.se/2011/10/20110823__9552-300x200.jpg 300w" sizes="(max-width: 600px) 100vw, 600px" /></a></p>
<p><a href="http://media.gillgren.se/2011/10/20110823__9573.jpg"><img decoding="async" loading="lazy" class="alignnone size-full wp-image-89" title="20110823__9573" src="http://media.gillgren.se/2011/10/20110823__9573.jpg" alt="höstljung" width="600" height="400" srcset="http://media.gillgren.se/2011/10/20110823__9573.jpg 600w, http://media.gillgren.se/2011/10/20110823__9573-300x200.jpg 300w" sizes="(max-width: 600px) 100vw, 600px" /></a></p>
<p><a href="http://media.gillgren.se/2011/10/20110823__9586.jpg"><img decoding="async" loading="lazy" class="alignnone size-full wp-image-90" title="20110823__9586" src="http://media.gillgren.se/2011/10/20110823__9586.jpg" alt="" width="600" height="400" srcset="http://media.gillgren.se/2011/10/20110823__9586.jpg 600w, http://media.gillgren.se/2011/10/20110823__9586-300x200.jpg 300w" sizes="(max-width: 600px) 100vw, 600px" /></a></p>
<p><a href="http://media.gillgren.se/2011/10/20110823__9655.jpg"><img decoding="async" loading="lazy" class="alignnone size-full wp-image-91" title="20110823__9655" src="http://media.gillgren.se/2011/10/20110823__9655.jpg" alt="sista semesterseglarna?" width="600" height="400" srcset="http://media.gillgren.se/2011/10/20110823__9655.jpg 600w, http://media.gillgren.se/2011/10/20110823__9655-300x200.jpg 300w" sizes="(max-width: 600px) 100vw, 600px" /></a></p>
<p><a href="http://media.gillgren.se/2011/10/20110823__9666.jpg"><img decoding="async" loading="lazy" class="alignnone size-full wp-image-92" title="20110823__9666" src="http://media.gillgren.se/2011/10/20110823__9666.jpg" alt="" width="600" height="400" srcset="http://media.gillgren.se/2011/10/20110823__9666.jpg 600w, http://media.gillgren.se/2011/10/20110823__9666-300x200.jpg 300w" sizes="(max-width: 600px) 100vw, 600px" /></a></p>

<p>Skärgårdstur till Lilla Nassa I år gick skärgårdsstiftelsen vänresa i augusti till Lilla Nassa. Det var lite mulet under förmiddagen men vid lunch sprack det upp och blev soligt.</p>
