{"id":2,"date":"2011-04-17T20:56:42","date_gmt":"2011-04-17T20:56:42","guid":{"rendered":"http:\/\/gillgren.se\/?page_id=2"},"modified":"2011-04-19T20:07:03","modified_gmt":"2011-04-19T20:07:03","slug":"sample-page","status":"publish","type":"page","link":"https:\/\/gillgren.se\/?page_id=2","title":{"rendered":"Mattips"},"content":{"rendered":"<p>H\u00e4r har vi samlat n\u00e5gra av recept som vi g\u00e4rna vill dela med oss av.<\/p>\n<p><a href=\"http:\/\/media.gillgren.se\/2011\/04\/gillgrens_recept.jpg\"><img decoding=\"async\" loading=\"lazy\" class=\"alignnone size-full wp-image-38\" title=\"OLYMPUS DIGITAL CAMERA\" src=\"http:\/\/media.gillgren.se\/2011\/04\/gillgrens_recept.jpg\" alt=\"\" width=\"600\" height=\"217\" srcset=\"http:\/\/media.gillgren.se\/2011\/04\/gillgrens_recept.jpg 600w, http:\/\/media.gillgren.se\/2011\/04\/gillgrens_recept-300x108.jpg 300w\" sizes=\"(max-width: 600px) 100vw, 600px\" \/><\/a>.<\/p>\n","protected":false},"excerpt":{"rendered":"<p>H\u00e4r har vi samlat n\u00e5gra av recept som vi g\u00e4rna vill dela med oss av. .<\/p>\n","protected":false},"author":1,"featured_media":0,"parent":0,"menu_order":0,"comment_status":"open","ping_status":"open","template":"","meta":[],"_links":{"self":[{"href":"https:\/\/gillgren.se\/index.php?rest_route=\/wp\/v2\/pages\/2"}],"collection":[{"href":"https:\/\/gillgren.se\/index.php?rest_route=\/wp\/v2\/pages"}],"about":[{"href":"https:\/\/gillgren.se\/index.php?rest_route=\/wp\/v2\/types\/page"}],"author":[{"embeddable":true,"href":"https:\/\/gillgren.se\/index.php?rest_route=\/wp\/v2\/users\/1"}],"replies":[{"embeddable":true,"href":"https:\/\/gillgren.se\/index.php?rest_route=%2Fwp%2Fv2%2Fcomments&post=2"}],"version-history":[{"count":4,"href":"https:\/\/gillgren.se\/index.php?rest_route=\/wp\/v2\/pages\/2\/revisions"}],"predecessor-version":[{"id":40,"href":"https:\/\/gillgren.se\/index.php?rest_route=\/wp\/v2\/pages\/2\/revisions\/40"}],"wp:attachment":[{"href":"https:\/\/gillgren.se\/index.php?rest_route=%2Fwp%2Fv2%2Fmedia&parent=2"}],"curies":[{"name":"wp","href":"https:\/\/api.w.org\/{rel}","templated":true}]}}